{"id":4750,"date":"2023-03-31T08:56:28","date_gmt":"2023-03-31T08:56:28","guid":{"rendered":"https:\/\/eurosigno.com\/wp-content\/uploads\/2023\/03\/convenio.jpg"},"modified":"2025-04-09T11:13:47","modified_gmt":"2025-04-09T11:13:47","slug":"convenio","status":"inherit","type":"attachment","link":"https:\/\/eurosigno.com\/en\/convenio-de-cooperacion-entre-la-oepm-y-la-comunidad-autonoma-del-pais-vasco-en-materia-de-propiedad-industrial\/convenio\/","title":{"rendered":"patentes modelos de utilidad"},"author":3,"comment_status":"open","ping_status":"closed","template":"","meta":[],"yoast_head":"<!-- This site is optimized with the Yoast SEO plugin v19.13 - https:\/\/yoast.com\/wordpress\/plugins\/seo\/ -->\n<title>patentes modelos de utilidad | Eurosigno Patentes y Marcas, S.L.<\/title>\n<meta name=\"robots\" content=\"index, follow, max-snippet:-1, max-image-preview:large, max-video-preview:-1\" \/>\n<link rel=\"canonical\" href=\"https:\/\/eurosigno.com\/wp-content\/uploads\/2023\/03\/convenio.jpg\" \/>\n<meta property=\"og:locale\" content=\"en_GB\" \/>\n<meta property=\"og:type\" content=\"article\" \/>\n<meta property=\"og:title\" content=\"patentes modelos de utilidad | Eurosigno Patentes y Marcas, S.L.\" \/>\n<meta property=\"og:url\" content=\"https:\/\/eurosigno.com\/wp-content\/uploads\/2023\/03\/convenio.jpg\" \/>\n<meta property=\"og:site_name\" content=\"Eurosigno Patentes y Marcas, S.L.\" \/>\n<meta property=\"article:modified_time\" content=\"2025-04-09T11:13:47+00:00\" \/>\n<meta property=\"og:image\" content=\"https:\/\/eurosigno.com\/wp-content\/uploads\/2023\/03\/convenio.jpg\" \/>\n\t<meta property=\"og:image:width\" content=\"300\" \/>\n\t<meta property=\"og:image:height\" content=\"168\" \/>\n\t<meta property=\"og:image:type\" content=\"image\/jpeg\" \/>\n<meta name=\"twitter:card\" content=\"summary_large_image\" \/>\n<script type=\"application\/ld+json\" class=\"yoast-schema-graph\">{\"@context\":\"https:\/\/schema.org\",\"@graph\":[{\"@type\":\"WebPage\",\"@id\":\"https:\/\/eurosigno.com\/wp-content\/uploads\/2023\/03\/convenio.jpg\",\"url\":\"https:\/\/eurosigno.com\/wp-content\/uploads\/2023\/03\/convenio.jpg\",\"name\":\"patentes modelos de utilidad | Eurosigno Patentes y Marcas, S.L.\",\"isPartOf\":{\"@id\":\"https:\/\/eurosigno.com\/#website\"},\"datePublished\":\"2023-03-31T08:56:28+00:00\",\"dateModified\":\"2025-04-09T11:13:47+00:00\",\"breadcrumb\":{\"@id\":\"https:\/\/eurosigno.com\/wp-content\/uploads\/2023\/03\/convenio.jpg#breadcrumb\"},\"inLanguage\":\"en-GB\",\"potentialAction\":[{\"@type\":\"ReadAction\",\"target\":[\"https:\/\/eurosigno.com\/wp-content\/uploads\/2023\/03\/convenio.jpg\"]}]},{\"@type\":\"BreadcrumbList\",\"@id\":\"https:\/\/eurosigno.com\/wp-content\/uploads\/2023\/03\/convenio.jpg#breadcrumb\",\"itemListElement\":[{\"@type\":\"ListItem\",\"position\":1,\"name\":\"Home\",\"item\":\"https:\/\/eurosigno.com\/\"},{\"@type\":\"ListItem\",\"position\":2,\"name\":\"CONVENIO DE COOPERACI\u00d3N ENTRE LA OEPM Y LA COMUNIDAD AUT\u00d3NOMA DEL PA\u00cdS VASCO EN MATERIA DE PROPIEDAD INDUSTRIAL PARA ESTABLECER UN MARCO DE COOPERACI\u00d3N EN MATERIA DE PROPIEDAD INDUSTRIAL\",\"item\":\"https:\/\/eurosigno.com\/convenio-de-cooperacion-entre-la-oepm-y-la-comunidad-autonoma-del-pais-vasco-en-materia-de-propiedad-industrial\/\"},{\"@type\":\"ListItem\",\"position\":3,\"name\":\"patentes modelos de utilidad\"}]},{\"@type\":\"WebSite\",\"@id\":\"https:\/\/eurosigno.com\/#website\",\"url\":\"https:\/\/eurosigno.com\/\",\"name\":\"Eurosigno Patentes y Marcas, S.L.\",\"description\":\"Sitio web de Eurosigno S.L.\",\"potentialAction\":[{\"@type\":\"SearchAction\",\"target\":{\"@type\":\"EntryPoint\",\"urlTemplate\":\"https:\/\/eurosigno.com\/?s={search_term_string}\"},\"query-input\":\"required name=search_term_string\"}],\"inLanguage\":\"en-GB\"}]}<\/script>\n<!-- \/ Yoast SEO plugin. -->","yoast_head_json":{"title":"patentes modelos de utilidad | Eurosigno Patentes y Marcas, S.L.","robots":{"index":"index","follow":"follow","max-snippet":"max-snippet:-1","max-image-preview":"max-image-preview:large","max-video-preview":"max-video-preview:-1"},"canonical":"https:\/\/eurosigno.com\/wp-content\/uploads\/2023\/03\/convenio.jpg","og_locale":"en_GB","og_type":"article","og_title":"patentes modelos de utilidad | Eurosigno Patentes y Marcas, S.L.","og_url":"https:\/\/eurosigno.com\/wp-content\/uploads\/2023\/03\/convenio.jpg","og_site_name":"Eurosigno Patentes y Marcas, S.L.","article_modified_time":"2025-04-09T11:13:47+00:00","og_image":[{"width":300,"height":168,"url":"https:\/\/eurosigno.com\/wp-content\/uploads\/2023\/03\/convenio.jpg","type":"image\/jpeg"}],"twitter_card":"summary_large_image","schema":{"@context":"https:\/\/schema.org","@graph":[{"@type":"WebPage","@id":"https:\/\/eurosigno.com\/wp-content\/uploads\/2023\/03\/convenio.jpg","url":"https:\/\/eurosigno.com\/wp-content\/uploads\/2023\/03\/convenio.jpg","name":"patentes modelos de utilidad | Eurosigno Patentes y Marcas, S.L.","isPartOf":{"@id":"https:\/\/eurosigno.com\/#website"},"datePublished":"2023-03-31T08:56:28+00:00","dateModified":"2025-04-09T11:13:47+00:00","breadcrumb":{"@id":"https:\/\/eurosigno.com\/wp-content\/uploads\/2023\/03\/convenio.jpg#breadcrumb"},"inLanguage":"en-GB","potentialAction":[{"@type":"ReadAction","target":["https:\/\/eurosigno.com\/wp-content\/uploads\/2023\/03\/convenio.jpg"]}]},{"@type":"BreadcrumbList","@id":"https:\/\/eurosigno.com\/wp-content\/uploads\/2023\/03\/convenio.jpg#breadcrumb","itemListElement":[{"@type":"ListItem","position":1,"name":"Home","item":"https:\/\/eurosigno.com\/"},{"@type":"ListItem","position":2,"name":"CONVENIO DE COOPERACI\u00d3N ENTRE LA OEPM Y LA COMUNIDAD AUT\u00d3NOMA DEL PA\u00cdS VASCO EN MATERIA DE PROPIEDAD INDUSTRIAL PARA ESTABLECER UN MARCO DE COOPERACI\u00d3N EN MATERIA DE PROPIEDAD INDUSTRIAL","item":"https:\/\/eurosigno.com\/convenio-de-cooperacion-entre-la-oepm-y-la-comunidad-autonoma-del-pais-vasco-en-materia-de-propiedad-industrial\/"},{"@type":"ListItem","position":3,"name":"patentes modelos de utilidad"}]},{"@type":"WebSite","@id":"https:\/\/eurosigno.com\/#website","url":"https:\/\/eurosigno.com\/","name":"Eurosigno Patentes y Marcas, S.L.","description":"Sitio web de Eurosigno S.L.","potentialAction":[{"@type":"SearchAction","target":{"@type":"EntryPoint","urlTemplate":"https:\/\/eurosigno.com\/?s={search_term_string}"},"query-input":"required name=search_term_string"}],"inLanguage":"en-GB"}]}},"description":{"rendered":"<p class=\"attachment\"><a href='https:\/\/eurosigno.com\/wp-content\/uploads\/2023\/03\/convenio.jpg'><img width=\"300\" height=\"168\" src=\"https:\/\/eurosigno.com\/wp-content\/uploads\/2023\/03\/convenio.jpg\" class=\"attachment-medium size-medium\" alt=\"subvenciones patentes modelos utilidad\" loading=\"lazy\" srcset=\"https:\/\/eurosigno.com\/wp-content\/uploads\/2023\/03\/convenio.jpg 300w, https:\/\/eurosigno.com\/wp-content\/uploads\/2023\/03\/convenio-18x10.jpg 18w\" sizes=\"(max-width: 300px) 100vw, 300px\" \/><\/a><\/p>\n"},"caption":{"rendered":""},"alt_text":"subvenciones patentes modelos utilidad","media_type":"image","mime_type":"image\/jpeg","media_details":{"width":300,"height":168,"file":"2023\/03\/convenio.jpg","sizes":{"thumbnail":{"file":"convenio-150x150.jpg","width":150,"height":150,"mime_type":"image\/jpeg","source_url":"https:\/\/eurosigno.com\/wp-content\/uploads\/2023\/03\/convenio-150x150.jpg"},"trp-custom-language-flag":{"file":"convenio-18x10.jpg","width":18,"height":10,"mime_type":"image\/jpeg","source_url":"https:\/\/eurosigno.com\/wp-content\/uploads\/2023\/03\/convenio-18x10.jpg"},"full":{"file":"convenio.jpg","width":300,"height":168,"mime_type":"image\/jpeg","source_url":"https:\/\/eurosigno.com\/wp-content\/uploads\/2023\/03\/convenio.jpg"}},"image_meta":{"aperture":"0","credit":"","camera":"","caption":"","created_timestamp":"0","copyright":"","focal_length":"0","iso":"0","shutter_speed":"0","title":"","orientation":"0","keywords":[]}},"post":4748,"source_url":"https:\/\/eurosigno.com\/wp-content\/uploads\/2023\/03\/convenio.jpg","_links":{"self":[{"href":"https:\/\/eurosigno.com\/en\/wp-json\/wp\/v2\/media\/4750"}],"collection":[{"href":"https:\/\/eurosigno.com\/en\/wp-json\/wp\/v2\/media"}],"about":[{"href":"https:\/\/eurosigno.com\/en\/wp-json\/wp\/v2\/types\/attachment"}],"author":[{"embeddable":true,"href":"https:\/\/eurosigno.com\/en\/wp-json\/wp\/v2\/users\/3"}],"replies":[{"embeddable":true,"href":"https:\/\/eurosigno.com\/en\/wp-json\/wp\/v2\/comments?post=4750"}]}}

<!-- This site is optimized with the Yoast SEO plugin v19.13 - https://yoast.com/wordpress/plugins/seo/ -->
<title>patentes modelos de utilidad | Eurosigno Patentes y Marcas, S.L.</title>
<meta name="robots" content="index, follow, max-snippet:-1, max-image-preview:large, max-video-preview:-1" />
<link rel="canonical" href="https://eurosigno.com/wp-content/uploads/2023/03/convenio.jpg" />
<meta property="og:locale" content="en_GB" />
<meta property="og:type" content="article" />
<meta property="og:title" content="patentes modelos de utilidad | Eurosigno Patentes y Marcas, S.L." />
<meta property="og:url" content="https://eurosigno.com/wp-content/uploads/2023/03/convenio.jpg" />
<meta property="og:site_name" content="Eurosigno Patentes y Marcas, S.L." />
<meta property="article:modified_time" content="2025-04-09T11:13:47+00:00" />
<meta property="og:image" content="https://eurosigno.com/wp-content/uploads/2023/03/convenio.jpg" />
	<meta property="og:image:width" content="300" />
	<meta property="og:image:height" content="168" />
	<meta property="og:image:type" content="image/jpeg" />
<meta name="twitter:card" content="summary_large_image" />
<script type="application/ld+json" class="yoast-schema-graph">{"@context":"https://schema.org","@graph":[{"@type":"WebPage","@id":"https://eurosigno.com/wp-content/uploads/2023/03/convenio.jpg","url":"https://eurosigno.com/wp-content/uploads/2023/03/convenio.jpg","name":"patentes modelos de utilidad | Eurosigno Patentes y Marcas, S.L.","isPartOf":{"@id":"https://eurosigno.com/#website"},"datePublished":"2023-03-31T08:56:28+00:00","dateModified":"2025-04-09T11:13:47+00:00","breadcrumb":{"@id":"https://eurosigno.com/wp-content/uploads/2023/03/convenio.jpg#breadcrumb"},"inLanguage":"en-GB","potentialAction":[{"@type":"ReadAction","target":["https://eurosigno.com/wp-content/uploads/2023/03/convenio.jpg"]}]},{"@type":"BreadcrumbList","@id":"https://eurosigno.com/wp-content/uploads/2023/03/convenio.jpg#breadcrumb","itemListElement":[{"@type":"ListItem","position":1,"name":"Home","item":"https://eurosigno.com/"},{"@type":"ListItem","position":2,"name":"CONVENIO DE COOPERACIÓN ENTRE LA OEPM Y LA COMUNIDAD AUTÓNOMA DEL PAÍS VASCO EN MATERIA DE PROPIEDAD INDUSTRIAL PARA ESTABLECER UN MARCO DE COOPERACIÓN EN MATERIA DE PROPIEDAD INDUSTRIAL","item":"https://eurosigno.com/convenio-de-cooperacion-entre-la-oepm-y-la-comunidad-autonoma-del-pais-vasco-en-materia-de-propiedad-industrial/"},{"@type":"ListItem","position":3,"name":"patentes modelos de utilidad"}]},{"@type":"WebSite","@id":"https://eurosigno.com/#website","url":"https://eurosigno.com/","name":"Eurosigno Patentes y Marcas, S.L.","description":"Sitio web de Eurosigno S.L.","potentialAction":[{"@type":"SearchAction","target":{"@type":"EntryPoint","urlTemplate":"https://eurosigno.com/?s={search_term_string}"},"query-input":"required name=search_term_string"}],"inLanguage":"en-GB"}]}</script>
<!-- / Yoast SEO plugin. -->

CONVENIO DE COOPERACIÓN ENTRE LA OEPM Y LA COMUNIDAD AUTÓNOMA DEL PAÍS VASCO EN MATERIA DE PROPIEDAD INDUSTRIAL PARA ESTABLECER UN MARCO DE COOPERACIÓN EN MATERIA DE PROPIEDAD INDUSTRIAL
